+ 15. What is the remainder when c(-8) is divided by 7?
5
Let g = 1113 - 795. Calculate the remainder when g is divided by 23.
19
Let i = 118 + 90. Calculate the remainder when i is divided by 35.
33
Suppose 4*u + d + 1 - 2 = 0, -d = -1. Suppose 0 = -u*g - 5*g - 20. Let l = g + 8. What is the remainder when l is divided by 1?
0
Suppose v = -5*j + 31, 3*v - 79 = 3*j + 86. What is the remainder when 399 is divided by v?
42
Suppose 3*i - 244 = 2*i. Suppose 0 = -3*m + m - 3*x - i, -5*x + 20 = 0. Calculate the remainder when (-7)/(14/m) - 2 is divided by 16.
14
Suppose 5*h - 10 = 0, -u + 2*h = 3*h + 1. Let m = 27 - u. Calculate the remainder when m is divided by 16.
14
Let s(x) = x**3 + 26*x**2 - 59*x - 24. Calculate the remainder when s(-28) is divided by 11.
5
Let l(x) = x**3 - 9*x**2 + 2*x - 3. Let p(y) = 2*y**2 + 10*y - 12. Calculate the remainder when p(-8) is divided by l(9).
6
Suppose -3*f - 24 = -2*c + f, -2*c = 3*f - 3. Suppose 0*v = 8*v - 296. Suppose -k + v = -c. What is the remainder when k is divided by 23?
20
Let y = 261 + -214. What is the remainder when y is divided by 10?
7
Suppose 62*c + 94 = 4*j + 64*c, 3*j - 68 = -2*c. Suppose o = -4*w + 12 + 1, -3*w - 4*o = 0. What is the remainder when j is divided by w?
2
Let y = -659 + 723. Calculate the remainder when 78 is divided by y.
14
Suppose 12 + 3 = 3*d. Let n = -427 - -429. Suppose -3*q - w + 57 = 0, -d*q + 51 = -n*q - w. Calculate the remainder when 35 is divided by q.
17
Let k = 0 - -4. Let t(s) = 3 - k + 0*s - 5*s - 3*s. What is the remainder when t(-1) is divided by 4?
3
Let h(d) = -d**2 + 24*d - 113. Calculate the remainder when h(12) is divided by 30.
1
Let f be (-1 + -4)*(1 + 0). Let d(l) = l**2 - 25*l + 25. Let c be d(24). Let a = c - f. What is the remainder when 27 is divided by a?
3
Let q = -11 - 45. Let p = q - -23. Let y = -14 - p. What is the remainder when 75 is divided by y?
18
Let u(m) = -3*m - 24. Let p be u(-8). Suppose p = -0*h - 3*h + 3*a + 99, -3*h + 5*a + 105 = 0. Calculate the remainder when h is divided by 11.
8
Suppose -12 = -6*i + 2*i. What is the remainder when 51/15 + 8/(-20) - 0 is divided by (5 - i)*(-6)/(-4)?
0
Let j(o) = 2*o + 29. Suppose -11*s + 8*s = -45. Calculate the remainder when j(s) is divided by 16.
11
Let l(g) = -10*g**3 + 4*g**2 + 14*g - 9. What is the remainder when l(-5) is divided by 8?
7
Let d = 860 - 847. What is the remainder when 141 is divided by d?
11
Let b(i) = -46*i**3 - i**2 + 1. Let z(g) = -g**2 + 12*g - 16. Suppose 24 = 18*w - 15*w. Calculate the remainder when b(-1) is divided by z(w).
14
Let z(i) = 3*i**2 - 60*i + 18. Calculate the remainder when z(20) is divided by 11.
7
Let m = 20 + -10. Let b(z) = z**2 - 14*z + 12. Let w be b(10). Let g = -10 - w. What is the remainder when g is divided by m?
8
Let m(q) = -8*q - 1. Let o(y) = 5*y**3 + 9*y - y**2 - 4*y**3 - 1 + 11*y**2. Let k be o(-9). What is the remainder when 18 is divided by m(k)?
4
Calculate the remainder when 461 is divided by (-4 - -18)*27/18.
20
Suppose 1 = -4*u + 81. Let y = 471 - 464. Calculate the remainder when u is divided by y.
6
Let q(c) = 3*c**2 + 3*c + 24. Calculate the remainder when q(-4) is divided by 28.
4
Suppose -7*t + 40 = -3*t. Let c(f) = 4*f**2 + 2*f - 2. Let n = 12 + -10. Calculate the remainder when c(n) is divided by t.
8
Let j(c) = -c**2 + 11*c - 5. Let i be 2*((-19)/(-6) - 18/27). Calculate the remainder when j(i) is divided by 13.
12
Suppose 304 = 5*m + 54. Let w = -35 + m. What is the remainder when 13 is divided by ((-2)/(-6))/(w/315)?
6
Let r(q) be the second derivative of -q**2 + 0 - 23/6*q**3 - 11*q. Calculate the remainder when r(-2) is divided by 23.
21
Let x(w) = -w**3 + 2*w**2 + 34*w + 22. Calculate the remainder when 142 is divided by x(7).
7
Calculate the remainder when 0 + (1 - 2) + 84 is divided by 18.
11
Let k = 372 + -328. What is the remainder when k is divided by 17?
10
Suppose 74 = 3*z + 5. Suppose -z - 7 = -5*s + 5*i, -3 = -s + 2*i. What is the remainder when s is divided by 4?
1
Let u be ((-520)/(-28))/(((-16)/28)/(-4)). Suppose u = -3*a + 7*a + 2*z, 5*z - 10 = -a. Calculate the remainder when a is divided by 1 + 22/(-4)*-2.
11
Let m be 3791/51*(1 + 2). Suppose 0 = 2*c - s - 116 - 3, -4*c - 3*s + m = 0. What is the remainder when c is divided by 20?
18
Let a be (60/(-9))/(-5)*3. Suppose -g + 25 + 14 = a*s, -2*s + 8 = 0. What is the remainder when 42 is divided by g?
19
Let c be 2 + -2 + (-1 - -27). Suppose 2*f = -0*f + c. Let o(d) = d**3 + 13*d**2 - 19*d - 33. Calculate the remainder when o(-14) is divided by f.
11
Suppose -4*v + 10 = -2. Suppose f - 18 = 2*t, -48 = -2*f - 5*t + v*t. What is the remainder when 32 is divided by f?
10
Let b be -4*(1 + 2 - 2). Let r(z) = -4*z - 12. Let c be r(b). Calculate the remainder when 57 is divided by 0 + (-130)/(-5) + c.
27
Let q(p) = 17*p - 139. What is the remainder when 41 is divided by q(9)?
13
Suppose -2*y - 302 + 324 = 0. Calculate the remainder when 85 is divided by y.
8
Suppose 3*b + 5*o - 130 = -15, o - 176 = -4*b. What is the remainder when 1304 is divided by b?
44
Suppose -33 = -8*o - 3*o. Suppose -9*a + o*a + 102 = 0. What is the remainder when 44 is divided by a?
10
Let q(i) = -772*i - 691. Calculate the remainder when q(-1) is divided by ((-28)/5)/(1/(-5)).
25
Let q = 4 - -120. Let d = q - 89. Let f = -3 - -12. What is the remainder when d is divided by f?
8
Suppose -1 = -3*d + 23. Suppose y = 2 - d. What is the remainder when 21 is divided by 44/y*24/(-16)?
10
Suppose -3*t = 72 + 39. Let h = -6 - t. What is the remainder when 154 is divided by h?
30
What is the remainder when (-12)/90 + -1083*14/(-315) is divided by 26?
22
Suppose -8*z - 2 = -9*z. Calculate the remainder when 10 is divided by -1 + (4 - z) + (-11 - -19).
1
Suppose 55*f - 2913 - 3082 = 0. What is the remainder when f is divided by 92?
17
Suppose 89*k + 1683 - 8536 = 0. What is the remainder when 221 is divided by k?
67
Let z(t) = 20*t**3 + t**2 - 1. Let h = -13 + 16. Suppose 5*p - c = h*c + 75, -15 = 3*c. What is the remainder when z(1) is divided by p?
9
Suppose 0 = -5*n + 19*z - 21*z + 1070, 0 = n + 5*z - 237. What is the remainder when n is divided by 5?
2
Let m(g) = -g**2 - 16*g - 15. Let o be m(-15). Suppose o = 2*r - 13 - 7. Calculate the remainder when 15 is divided by r.
5
Suppose 3*h + 5*u - 100 = 0, 5*h - u = -4*u + 156. Calculate the remainder when h is divided by 3.
0
Let n = -977 - -1103. Calculate the remainder when n is divided by 109.
17
Let v = 219 - 187. Calculate the remainder when 186 is divided by v.
26
Let t be -29*1/(-4) + (-22)/88. Suppose j - t = -4*h + 53, 34 = h + 5*j. Calculate the remainder when 81 is divided by h.
11
Suppose -21 = -2*k + n, -k - 15 = -3*k - 5*n. Calculate the remainder when 146 is divided by k.
6
Suppose 49*g = 10855 + 317. What is the remainder when g is divided by 10?
8
Let k = 5 - 2. Suppose -5*n + 2*y + k*y = -555, 2*y = -n + 105. Calculate the remainder when n is divided by 14.
11
What is the remainder when (-1 - (-2 + 2)) + (-42 - -210) is divided by 34?
31
Let c be (6 - 10)*(-502)/8. Let m = c - 172. Suppose -189 = -5*n - m. What is the remainder when n is divided by 8?
6
Let p(k) = 19*k + 6. Let w be p(3). Let u = w + -57. Calculate the remainder when 52 is divided by u.
4
Suppose -v + 4*q = 85, 5*v = -2*q - 323 - 124. Let i = v + 107. Calculate the remainder when 52 is divided by i.
16
Let s be (-2)/(-3)*9/3. Suppose 0 = u - s*u. Suppose u = -0*g - 5*g + 325. What is the remainder when g is divided by 22?
21
Let p = 32 + -19. Let t(z) = 3*z**2 + 11*z + 4. Let f(j) = -2*j**2 - 6*j - 2. Let y(l) = -5*f(l) - 3*t(l). What is the remainder when p is divided by y(5)?
5
Suppose 98*j = 107*j - 324. What is the remainder when j is divided by 22?
14
Let k(i) = 5*i + 2. Let b(r) = -4*r - 2. Let d(c) = -5*b(c) - 6*k(c). Calculate the remainder when d(-4) is divided by 10.
8
Let b(c) = -c + 18. Let w be b(8). Let v = 35 - 23. What is the remainder when (w/(-4))/(1/(-14)) is divided by v?
11
Let c(k) = 11*k + 38. Let y be c(-13). Let d = -96 - y. What is the remainder when 22 is divided by d?
4
Let f(k) = -k - 65. Let q(b) = 4*b + 260. Let u(a) = -9*f(a) - 2*q(a). Let r be u(0). Suppose 2*t + 15 = r. What is the remainder when t is divided by 7?
4
Suppose 